1a1
In base 4, what is -101331022311 + -11?
-101331022322
In base 13, what is -5bb3 - -155?
-5a5b
In base 14, what is -c135d5 + -4?
-c135d9
In base 4, what is 32111212 + 101322?
32213200
In base 3, what is -2202 + 112000220021021?
112000220011112
In base 16, what is -42 + 41cf2?
41cb0
In base 7, what is -1 + 25362326?
25362325
In base 6, what is -105540112 + 10?
-105540102
In base 10, what is -455 - 41397?
-41852
In base 10, what is -1935804 - 24?
-1935828
In base 7, what is 1621 - -103566?
105520
In base 9, what is -213034024 + -4?
-213034028
In base 9, what is 4644 + -100005?
-84251
In base 7, what is 150 + 41250306?
41250456
In base 10, what is 24 - 957309?
-957285
In base 7, what is -1522623 + -116?
-1523042
In base 16, what is -d5e5584 - 2?
-d5e5586
In base 13, what is 10ba2 + -4413?
978c
In base 15, what is 6cca + 260?
703a
In base 4, what is -31 + 1013232301001?
1013232300310
In base 5, what is 32 + 42000343031?
42000343113
In base 13, what is 2 + -9c83a0?
-9c839b
In base 7, what is 14454345 - -2?
14454350
In base 15, what is 49 - -4d6ec?
4d746
In base 5, what is -111140004 - -12?
-111134442
In base 15, what is 5 + -e9818?
-e9813
In base 13, what is 116930 + -21?
11690c
In base 2, what is 11100011101010111110 + 100?
11100011101011000010
In base 4, what is 12000323 + -122103?
11212220
In base 8, what is -1 - -6447322?
6447321
In base 15, what is -5 - -ebc3dae?
ebc3da9
In base 5, what is -2104303302 + 0?
-2104303302
In base 16, what is -2 + -1399683?
-1399685
In base 4, what is -20111313233 + 10?
-20111313223
In base 8, what is 117 + -2023656?
-2023537
In base 6, what is -3 - 230402513?
-230402520
In base 10, what is 267764 + -6?
267758
In base 12, what is -1881aa + -38?
-188226
In base 8, what is 2560607133 - 2?
2560607131
In base 4, what is 10100030300 - -2133?
10100033033
In base 12, what is 27b71525 - -2?
27b71527
In base 3, what is 21101000210 + -200000?
21100100210
In base 4, what is 1122100213102 + -11?
1122100213031
In base 2, what is -1000001 - -1000110100000100?
1000110011000011
In base 15, what is 1b88 - 6?
1b82
In base 13, what is -149c1 + 106?
-148b8
In base 16, what is 51 + 18f45?
18f96
In base 16, what is 1bccf9f - 5?
1bccf9a
In base 7, what is 3164265 - 211?
3164054
In base 7, what is 31 - 2425263?
-2425232
In base 11, what is -50 - -31372?
31322
In base 2, what is 11101100100000 - 100001100?
11101000010100
In base 10, what is 1963 + 129843?
131806
In base 9, what is 5 + -365414888?
-365414883
In base 5, what is -133122 + -114300?
-302422
In base 9, what is -1156 + 871?
-175
In base 14, what is -6532 - 55?
-6587
In base 6, what is -13 - 515124332?
-515124345
In base 14, what is -11ad2 - -16?
-11aba
In base 8, what is -3136634 + 10?
-3136624
In base 12, what is -560 - 29852?
-2a1b2
In base 9, what is 0 - 57244850?
-57244850
In base 9, what is -14 + -102281?
-102305
In base 4, what is 33013302 + 3310213?
102330121
In base 12, what is 1a + 25ab20?
25ab3a
In base 7, what is 64240 - 12064?
52143
In base 6, what is 4 + -3324500534?
-3324500530
In base 6, what is 55 + 1552035000?
1552035055
In base 10, what is 1 - -103827998?
103827999
In base 6, what is 55424 - -152030?
251454
In base 2, what is 1000110001001010 - -101001001010101?
1101111010011111
In base 16, what is -1a11a7 + 7?
-1a11a0
In base 13, what is b + -20606a?
-20605c
In base 14, what is -9b + -60827?
-608c4
In base 12, what is b + 223579?
223588
In base 5, what is 341123 + 33110?
424233
In base 9, what is -156 - 164573?
-164740
In base 10, what is 2 - -937904?
937906
In base 9, what is -4 - -41410832?
41410827
In base 11, what is -33a32 - 4180?
-38102
In base 5, what is 1341 - 1142020?
-1140124
In base 12, what is -1555586 - -55?
-1555531
In base 8, what is 0 - -42662513?
42662513
In base 15, what is 1a71 - -cea?
286b
In base 15, what is -ca85952 - -3?
-ca8594e
In base 11, what is -49 + -3509817?
-3509865
In base 11, what is 2a0555 - -51?
2a05a6
In base 9, what is -14037 - 2038?
-16076
In base 7, what is -42633430 - 3?
-42633433
In base 16, what is 3 - -638f58?
638f5b
In base 6, what is -45331435 - -1?
-45331434
In base 2, what is -1000100111101011101 - 111001011?
-1000101000100101000
In base 15, what is -43 + 25c?
219
In base 8, what is -25377204 + -3?
-25377207
In base 10, what is 118 - 13208?
-13090
In base 8, what is -3647 - 11524?
-15373
In base 13, what is 20063a + 3a?
200677
In base 3, what is 1112120110211111 + -10?
1112120110211101
In base 8, what is -1742663 + -674?
-1743557
In base 6, what is -2354445 + 1152?
-2353253
In base 2, what is -10100010111100111000010 + -10?
-10100010111100111000100
In base 8, what is -410063412 + -2?
-410063414
In base 7, what is 243002 - -56?
243061
In base 10, what is 14104 + 1365?
15469
In base 8, what is 30573 + -1263?
27310
In base 10, what is 21881875 - 0?
21881875
In base 2, what is -100000000100101010011 - 1000001?
-100000000100110010100
In base 6, what is 15 + -2404443303?
-2404443244
In base 13, what is c89 + -3897?
-290b
In base 14, what is 1 + 4371b0b?
4371b0c
In base 6, what is 35043320 + -31?
35043245
In base 9, what is -71845442 + -1?
-71845443
In base 7, what is 10 + -63352562?
-63352552
In base 11, what is -562950 + -7?
-562957
In base 10, what is 10 - -59713661?
59713671
In base 16, what is dbb03 + b?
dbb0e
In base 8, what is 2460 - 1603?
655
In base 4, what is 0 + 3213122203102?
3213122203102
In base 13, what is 985 - -5b9?
1271
In base 7, what is 0 - 4243166103?
-4243166103
In base 3, what is 2002 - -10121221002210?
10121221011212
In base 4, what is -1010122303330 - 2?
-1010122303332
In base 13, what is -10ab7 - -51?
-10a66
In base 11, what is 0 + 37734962?
37734962
In base 7, what is 4 + 1622252?
1622256
In base 3, what is -2020 + 1010221111102?
1010221102012
In base 15, what is -2162c + -29e?
-218cb
In base 9, what is -1583078035 - -3?
-1583078032
In base 10, what is -263513 + -25?
-263538
In base 7, what is 412452102 + -1?
412452101
In base 8, what is -1117420 + 50?
-1117350
In base 12, what is -63b4607 - 5?
-63b4610
In base 12, what is 10 + -238718?
-238708
In base 13, what is -93 - -9b6b6?
9b623
In base 6, what is 5 - 555055115?
-555055110
In base 14, what is c68db - -121?
c6a1c
In base 10, what is -12485 + -48294?
-60779
In base 15, what is -666b + 113?
-6558
In base 13, what is -103a + 27867?
2682a
In base 15, what is -3b626b - -2?
-3b6269
In base 5, what is -340233210 - -10?
-340233200
In base 3, what is -2221 - 2000120020120?
-2000120100111
In base 7, what is 13 + 143134406?
143134422
In base 15, what is 5aa + 505?
ab0
In base 14, what is 3 + -3627d4?
-3627d1
In base 8, what is -16756133 + 3?
-16756130
In base 11, what is 24 + -a9182?
-a9159
In base 5, what is -21 - -140234?
140213
In base 11, what is -16 + -52002?
-52018
In base 11, what is 442a - 834?
36a6
In base 8, what is 2056064 + -2?
2056062
In base 3, what is 222220021120 + 201?
222220022021
In base 5, what is 113244313220 + 4?
113244313224
In base 12, what is -a0 + 4068b?
405ab
In base 6, what is -24203552 + -3523?
-24211515
In base 4, what is 1 - -220213333220?
220213333221
In base 16, what is -3 + -b535a84?
-b535a87
In base 8, what is 6164 - 5511?
453
In base 9, what is -158858072 - -2?
-158858070
In base 2, what is 1100000 - 10101000110010111011?
-10101000110001011011
In base 7, what is 220325544 + -3?
220325541
In base 15, what is -d259 - 51c4?
-1342d
In base 4, what is 3 + 110012311020102?
110012311020111
In base 9, what is -3 - -6328244?
6328241
In base 5, what is 2001 + 1230222?
1232223
In base 5, what is -324300342310 + -1?
-324300342311
In base 10, what is -15151 + 2089?
-13062
In base 6, what is 55 + 12240220?
12240315
In base 10, what is 2639 + 125472?
128111
In base 2, what is 100010000001001110100 + 0?
100010000001001110100
In base 6, what is 302440341 - -4?
302440345
In base 12, what is 1a1a66 + 4?
1a1a6a
In base 4, what is 1020000131002 - -1?
1020000131003
In base 10, what is 298605 + 460?
299065
In base 12, what is 15b4b471 - -2?
15b4b473
In base 16, what is -2063b5 - -4?
-2063b1
In base 14, what is -2 - 1a185b?
-1a185d
In base 15, what is -10d9 - 5065?
-614e
In base 13, what is -430242 - 171?
-4303b3
In base 5, what is -11243443032 + -10?
-11243443042
In base 15, what is 12d + -1493cb?
-14929d
In base 14, what is -44c07